its digit of t(3)?
1
Let p(i) = 9*i + 2. Let c(q) = 8*q + 2. Let b(o) = 4*c(o) - 5*p(o). Let n be b(-2). Let s = n + 1. What is the tens digit of s?
2
Let c(l) = -l**2 + 11*l + 5. Let a(g) = -2*g**2 + 11*g + 6. Let r be (-2)/5 + 108/45. Let p(s) = r*a(s) - 3*c(s). What is the tens digit of p(-8)?
2
Let k = 726 + -508. Let f = k - 96. What is the units digit of f?
2
Suppose 0*o + 4*o - 5*t + 20 = 0, -8 = -4*o - 2*t. Let j be 27/(-3)*(-1 - o). What is the units digit of (-83)/(-5) + j/(-15)?
6
Let z = 10 + -4. Suppose -r - r + z = 0. Suppose -a + 51 = r*u, 3*a = 3*u - 2*a - 33. What is the units digit of u?
6
Let y = 18 - 13. Suppose 0 = -y*s - 2*a - 2, 2*s - a = 7*s + 1. Suppose -2*o = -s*o - 70. What is the tens digit of o?
3
Suppose z + 9 = x, 5*x = -z + 4*z + 35. What is the units digit of ((-16)/(-3))/(x/6)?
8
Suppose -80 = 5*p - 385. Suppose z - p = 28. What is the units digit of z?
9
Let w(t) = 10*t**2 + 3*t - 3. Let g be w(-4). Suppose -5*m + 4*d = -263, 4*d + 0*d = -3*m + g. What is the tens digit of m?
5
Suppose -p + 14 = 6*p. Let x = 185 - 128. Suppose 2*q - 5*b = x, p*b + 4 = 2. What is the tens digit of q?
2
Suppose -2*b = 5*y - 7543, 4*b - 5037 = -4*y + 1007. What is the thousands digit of y?
1
Suppose -5*g + 2*m + 20 = 0, 0 = -3*g + 3*m - 0 + 12. Suppose 0 = -4*y + g - 0. What is the units digit of (4 - -8) + y + 2?
5
Suppose 5*p - 545 = -5*x, 0*p - 539 = -5*x + p. Suppose 6 = v + v. Suppose -w + 2*g + 30 - v = 0, -x = -5*w + g. What is the tens digit of w?
2
Suppose -2 = 5*h - 22. Suppose -3*v = -5*d - 8, -3*v + h*d - 2*d = -5. Suppose -p + 10 - v = 0. What is the units digit of p?
9
Let k be 6 + (-2)/(-1) + -2. Let c(u) = 21*u + 4. Let h be c(k). Suppose s + 10 = -2*b + 45, -5*s + 5*b = -h. What is the tens digit of s?
2
Let i(r) = r**3 - 4*r**2 + 2. Let v be i(3). What is the tens digit of (0 + 7)/(v/(-77))?
7
Let o(r) = 2*r**2 + 2*r - 2. Let q be o(-3). Suppose -15 = 3*t - 3*u, -2*u - 2 = -0*u. What is the units digit of 5/q - 57/t?
0
Let c(y) be the third derivative of y**5/15 - 3*y**4/8 - 3*y**3 - 22*y**2. What is the hundreds digit of c(-5)?
1
What is the tens digit of (1377/(-6) - -2)*12/(-15)?
8
Let g(l) be the first derivative of -l**3/3 - 11*l**2/2 + 24*l + 13. What is the tens digit of g(-10)?
3
Suppose 0 = -4*m - 2*q + 28, 2*q - 6 - 12 = -2*m. Suppose 2*j - 25 = -m*l, 22 = 2*j + 2*l + 2*l. What is the units digit of j?
5
Suppose 3*d = -11*d + 672. What is the units digit of d?
8
Let q = -1410 - -6319. What is the thousands digit of q?
4
Suppose 8*c - 5*v - 616 = 5*c, 4*c - 826 = 2*v. What is the tens digit of c?
0
Let w = -42 - -45. Suppose 74 = b - 4*u, w*b - u - 141 = b. What is the tens digit of b?
7
Let x(t) be the first derivative of -33*t**2 - t - 3. What is the tens digit of x(-2)?
3
Let d = 17 + -10. Let n = 7 - 3. Let j = d - n. What is the units digit of j?
3
Let r(u) = u**2 - 2*u - 10. Let z be r(5). Suppose -5*l + 85 = j + 4*j, -z*j + 2*l + 50 = 0. What is the units digit of 202/j + (-5)/(-30)?
7
Suppose -4*k = -k - 2*k. Suppose -2*x + 264 + 378 = k. What is the hundreds digit of x?
3
Let n be 14/(-28)*(0 + 0). What is the tens digit of (7 + -3)*(n + 6)?
2
Let i be (-1184)/10 + (-9)/15. Let g = i - -235. What is the tens digit of g?
1
Suppose -3*z + 24 + 6 = 0. What is the tens digit of (132/z - 0)/(18/135)?
9
Suppose -5*q - 5*m + 5 = 0, 1 = -0*m - m. Suppose 0 = -4*g + q*v + 1240, -2*g = 2*v - v - 620. What is the units digit of g?
0
Suppose s - 47 = -43. Let i(a) = -9*a + 5 + 0*a**2 + 4*a**2 + 2*a**2. What is the tens digit of i(s)?
6
Let o be (1335/6 - 4/(-8)) + 2. Let i = o + -146. What is the units digit of i?
9
Let d(g) = g**2 - 2*g + 2. Let j be d(2). Suppose 0 = j*p - 8 - 12. Suppose 0 = 5*w - 3*w - 4*c - 18, p = 5*c. What is the tens digit of w?
1
Let k be 4*(-3 + (-76)/8). Suppose -r - 23 = 6. Let n = r - k. What is the units digit of n?
1
Let p = 39 - 105. Let v = -23 - p. What is the units digit of v?
3
Let i = 374 + -537. Let d = i + 333. What is the tens digit of d?
7
Let z be (-1 + 14/(-10))*(-420)/8. Suppose 4*w = -p + 8*w + 28, 2*w - z = -3*p. What is the units digit of p?
0
Suppose 18 = 4*y + 2*y. Suppose -y*p = -2*p - 2. Suppose -q = -1, 2*q = -7*k + p*k + 87. What is the tens digit of k?
1
Let v(a) = 150*a**2 - 13*a + 25. What is the hundreds digit of v(2)?
5
Let w = -522 + 1034. Suppose -4*n = -196 - w. What is the units digit of n?
7
Let d = -16 + 19. Suppose y + m = d, 3*y - 2*m = 4*y + 1. What is the units digit of y?
7
What is the tens digit of (2 + (-4785)/10)*-2?
5
Suppose -5*f + 7 = -3. Suppose 3*r = -5*h - f*r + 310, 2*h = 5*r + 131. What is the units digit of h?
3
Suppose 0 = 2*j + 2*j. Suppose 5*y + 27 = -2*q + 6, 5*y + 15 = j. What is the units digit of 0 - (q + 1 + -2)?
4
Suppose -8 = 4*u - 36. Suppose 315 = u*s - 0. Suppose -s + 159 = 3*d. What is the units digit of d?
8
Suppose -f + 8*f = 3416. What is the units digit of (-14)/(-98) + -1*f/(-14)?
5
Let c be (162/7)/((-33)/(-308)). Suppose -16*h = -13*h - c. What is the units digit of h?
2
Suppose 6*a - 3554 - 4726 = 0. What is the hundreds digit of a?
3
Let z(m) = m**2 - 6*m - 7. Suppose i = -2*a + 15, 4*a - a + 5*i = 26. Let u be z(a). Suppose d + u*d - 23 = 0. What is the tens digit of d?
2
Suppose x - 3*x - 5*n = -2344, 4664 = 4*x - 2*n. What is the thousands digit of x?
1
Let w = -65 - -74. What is the units digit of w?
9
Suppose i + 2*l = -l + 614, -5*i - 4*l + 3103 = 0. What is the tens digit of i?
2
Let s(w) = -6*w - 8*w + 10*w**3 - 9*w**3 - 18 - 14*w**2. Let z be s(15). What is the tens digit of (3 - -32)*z/(-5)?
2
Suppose 988*x = 978*x + 7450. What is the units digit of x?
5
Suppose 23506 = -919*a + 933*a. What is the tens digit of a?
7
What is the hundreds digit of -2 - (18/(-42) + 2742/(-21))?
1
Suppose -44 = -6*t + 76. What is the units digit of (7 - (-1172)/t) + 3/(-5)?
5
Let q be 201*(0 - (-2 - -1)). Let l = q + -124. Suppose -2*d = 3*r - 52, -2*d - d - 4*r = -l. What is the tens digit of d?
2
Suppose -f - 1 = -6. Suppose -10*z = -13*z - 45. Let d = f - z. What is the units digit of d?
0
What is the hundreds digit of 10/30 - (-3615)/9?
4
Suppose -418 - 97 = 5*n. Let h = n - -161. What is the units digit of h?
8
Let q = 100 + -98. Suppose -105 = q*z + m - 373, 3*z = -m + 402. What is the units digit of z?
4
Suppose -3*d - i + 2393 = 0, 2*i - 25 = -33. What is the units digit of d?
9
Let a(s) = -7*s**2 - 14*s - 16. Let o be a(-6). Let f = 306 + o. What is the hundreds digit of f?
1
Suppose 0 = -2*m - 2*u + 374, 4*u - 2*u + 4 = 0. Suppose 0 = -2*j + m + 5. What is the tens digit of j?
9
Let q = -417 + 777. What is the units digit of q?
0
Suppose z - 20 = -4*z. Suppose -4*d + 48 = -2*d - 4*p, z*p - 156 = -4*d. What is the units digit of d?
4
Suppose 5 + 7 = -f. Let x = f + 41. Suppose 2*d - d = 2*n + x, -72 = -2*d - 3*n. What is the units digit of d?
3
Let f(o) be the first derivative of 7*o**2/2 - 4*o + 1. Suppose -2*n + 8 = 4*b, 0 = n + n + 8. What is the units digit of f(b)?
4
Let j(f) = -f**3 - 5*f**2 + 7*f - 7. Let z be j(-7). Suppose 60 = 3*b - z. Suppose -3*y - 3*m + 7*m = -33, 4*y - 2*m = b. What is the units digit of y?
7
Let g = 81 - 49. Suppose 0 = -f - g + 34. Suppose -2*p - 4*h + 106 = 0, -2*p + 0*p + f*h + 76 = 0. What is the tens digit of p?
4
Let d(n) = -n**3 - 3*n**2 - n - 5. Let l be d(-4). Suppose 4*a = 101 + l. Suppose -3*x + a = -34. What is the units digit of x?
1
What is the tens digit of (4 + (6 - 3))/(10/620)?
3
Suppose -3*r - a = -1817, -r + 3*a + 488 + 121 = 0. What is the tens digit of r?
0
Let j(a) = -a**2 + 23*a - 25. Let w = -9 - -30. What is the units digit of j(w)?
7
Suppose -5*y + 6614 + 1390 = 3*w, -3*y = 0. What is the thousands digit of w?
2
Let c be ((-2)/(-3)*-3)/(16/(-3832)). Let y = -318 + c. What is the units digit of y?
1
Let j(l) = -l**2 - 5*l + 9. Let q be j(-6). Suppose 4*z - 71 = -q*h, 4*z + 4*h - 1 = 67. Suppose z*x - 10 = 15*x. What is the units digit of x?
2
Let q be 0/((-4)/6*3). Suppose -3*h - 3*w - 102 = q, 5*w - 1 - 4 = 0. Let m = 97 + h. What is the units digit of m?
2
Let u = 1 + 11. Suppose 9*x = u*x - 39. Suppose -5*v - x = -138. What is the units digit of v?
5
Let h(o) = o**3 + 6*o**2 + 5*o + 6. Let d be h(-5). Suppose 0 = -v, -v = -2*q - 4*v + d. S